rime factors of j.
2
Let d(w) = -w**2 + 9*w - 8. Let x be d(5). What are the prime factors of 68/x*3 + 0?
17
Suppose 4*j - g = 129, 4*j = j - 4*g + 92. What are the prime factors of j?
2
Suppose 0 = -0*l + 2*l. List the prime factors of (6 - 4)*(1 - l).
2
Suppose 0 = 4*n + 4*y - 12, -3*n + 10 = 2*y + 1. Suppose 3*m + 2 = -1, x - 10 = n*m. What are the prime factors of x?
7
Suppose 0*g = -2*g + 268. List the prime factors of g.
2, 67
Suppose 4*j + 1 - 5 = 0. Suppose 3*l = g - j + 12, -5*l = 4*g - 7. What are the prime factors of (-21)/g*16/12?
2, 7
Suppose 4*f - b = 3*f, 2*b - 5 = -3*f. Let w(a) = 11*a. List the prime factors of w(f).
11
Suppose 0 = -4*h + 8. Suppose 3*n = h*n + 60. Suppose -y + 2 = 3*m - 8, 5*m = -5*y + n. What are the prime factors of y?
13
Suppose -3*c + 9*c - 222 = 0. List the prime factors of c.
37
Suppose -i + 4*m + 34 = -0*m, -4*i = 5*m - 52. What are the prime factors of i?
2, 3
List the prime factors of (-2)/(-4)*(2 - 0)*149.
149
Let y = -79 + 132. List the prime factors of y.
53
Let c(v) = v**2 - 5*v + 8. Let b be c(4). What are the prime factors of 6*2*7/b?
3, 7
Let y = 690 + -471. What are the prime factors of y?
3, 73
Suppose 2*n - 124 = -2*a, 4*a = 4*n + 3*a - 238. List the prime factors of n.
2, 3, 5
Let n(c) = -7*c**3 - 8*c**2 - 8*c - 1. List the prime factors of n(-4).
3, 13
What are the prime factors of (-2 - -697)/5*1?
139
Let l = 67 - 30. Suppose -3*a + 0*a + 52 = 2*y, -4*a = 3*y - 77. Let d = l - y. List the prime factors of d.
2, 7
Let s = -4 + 7. Suppose q - 1 = -7. Let k = s - q. What are the prime factors of k?
3
Let y(u) = -u**2 + 3*u + 1. Let x be y(3). Let i(f) = 50*f. Let d be i(x). Suppose 0 = -5*v + 5*h + d, -6 = 2*h - 0. What are the prime factors of v?
7
List the prime factors of (0 + (-364)/(-4))/(1 - 0).
7, 13
Suppose -6*j = -925 + 163. List the prime factors of j.
127
Suppose 42 = 3*l - 4*i - 250, -5*l = i - 456. What are the prime factors of l?
2, 23
Let l(m) be the first derivative of 2*m**3/3 + m**2 + 5. List the prime factors of l(-2).
2
Suppose -4*z = -3*u - 4, 4*z = u + 3*u. Let w be 22/5 - z/10. Suppose w*d - 9 - 35 = 0. What are the prime factors of d?
11
Suppose 0 = -c + 5*j - j + 140, -2*c + 250 = 2*j. What are the prime factors of c?
2
Suppose 2*u = -5*j - 1 - 0, 2*j + 6 = 2*u. Let g = j - 1. Let s = 0 - g. What are the prime factors of s?
2
Let b = -49 - -104. What are the prime factors of b?
5, 11
Let r be 1/(2 - (-2 + 5)). Let c be r/(-3)*(11 + -5). Suppose c*z - 9 = 19. What are the prime factors of z?
2, 7
Let c = 4 - 1. Let d = 9 + -5. Suppose -a + 25 = 5*i, -i - c*i + 52 = d*a. What are the prime factors of a?
2, 5
Let k(o) = -129*o**3 - o**2 - 3*o - 1. List the prime factors of k(-1).
2, 5, 13
Let u = 94 - -104. What are the prime factors of u?
2, 3, 11
Let i = 269 + -190. List the prime factors of i.
79
Let l = 0 - -3. Suppose -3 = -l*d + 9. What are the prime factors of d?
2
Suppose v + 79 = 2*v. Suppose -n - 31 = -v. Suppose n = 3*i + 6. What are the prime factors of i?
2, 7
Let m = 5 - 14. Let z = m + 11. Let g = 3 + z. What are the prime factors of g?
5
Let u = 0 + 0. Suppose -3*l + u*l = 36. What are the prime factors of 4/l - 34/(-3)?
11
Let i = 115 + -57. What are the prime factors of i?
2, 29
Let d(p) = p**2 - 6*p + 6. Let b = 5 + 5. What are the prime factors of d(b)?
2, 23
Let p(k) = -k**2 + 5*k. Let b be p(4). Let i(y) = -y + 6. Let a be i(b). Suppose -3*n + 27 = -a*n - 5*d, 3*d = -9. List the prime factors of n.
2, 3
Let u(r) = -r**3 - 6*r**2 + 23. List the prime factors of u(-8).
151
List the prime factors of 349/4 - 1/4.
3, 29
Let s(m) = -2*m**2 - 13*m**3 - 1 - m + 0*m**2 - m - 2*m**3. Let i be (-21)/(-14)*(-4)/6. List the prime factors of s(i).
2, 7
Let d be 8/(-6)*1*-6. Suppose -2*m = -6*m + d. Suppose 0 = m*g - 4*c - 4, -g - c + 5 = -0*g. What are the prime factors of g?
2
Suppose -1 = q, -7*y + 3*y - 3*q + 5 = 0. Let h = y - -13. What are the prime factors of h?
3, 5
Suppose 0 = 5*t - 6 - 4. Suppose j - 1 = t. List the prime factors of j.
3
Let j = 9 - 7. Suppose j*p = 11 + 5. List the prime factors of p.
2
Let z(w) = -2*w - 7. Let n be z(-10). Suppose 71 + n = 4*b. List the prime factors of b.
3, 7
Suppose 4*v + c = 2 + 12, 2*c = -4*v + 16. Suppose -4*w + v = -3*w. What are the prime factors of w?
3
Suppose 2*k = -2*u + 22, -k + 29 = -2*u - 3*u. What are the prime factors of k?
2, 7
Suppose -2*q = -22 - 6. Let h = -3 + q. What are the prime factors of h?
11
Let i(k) = 38*k**2 - k - 1. List the prime factors of i(-1).
2, 19
Suppose -g - g = 5*q - 14, 4*g = -3*q. Suppose 3*r + 156 = -h, 0 = -r - q*h - 80 + 17. What are the prime factors of r/(-5) - (-1)/(-5)?
2, 5
Let i be 14/(1/4*-2). Let d = i - -39. What are the prime factors of d?
11
Let x = -1 + 1. Suppose 0 = -z - 2*a + 17, x*z + a = -z + 12. List the prime factors of z.
7
Let q be (-2)/(-2) + (-33)/3. Let d(k) = k**3 + 11*k**2 + 10*k + 3. List the prime factors of d(q).
3
Suppose 2*d - 2*n - 7 = -3*d, -d = -2*n + 5. Suppose -d*v = 3*m - m + 11, m - 7 = v. What are the prime factors of m?
2
Suppose -2*q - 960 = -10*q. What are the prime factors of q?
2, 3, 5
Let m(r) = -r**3 + 8*r**2 + 3*r - 6. Let b be m(4). Suppose b = p + 4*p. List the prime factors of p.
2, 7
Let n(l) = 2*l + 22. What are the prime factors of n(0)?
2, 11
Let y(s) = s - 9. Let j be y(9). Suppose j = -4*h - 6 + 22. Suppose -5*p + 2*d + 43 = 4, 0 = -3*p + h*d + 29. List the prime factors of p.
7
Suppose -5*s + 15 = 3*r + 7, 4*s - 36 = 5*r. Suppose -2*j - s = -3*j. Suppose d - j - 5 = 0. What are the prime factors of d?
3
Let z(s) = s - 3. List the prime factors of z(9).
2, 3
What are the prime factors of ((-252)/140)/(1/(-35))?
3, 7
Let n = -25 - -82. List the prime factors of n.
3, 19
Suppose 0*i - 134 = -3*x + 5*i, 0 = -i + 5. List the prime factors of x.
53
Let d(g) = -6*g**3 - 2*g**2 + 3*g + 2. Let z be d(-2). Suppose 8*q = 7*q + 2. Suppose -6*u + z = -q*u. List the prime factors of u.
3
Let r(i) = -23*i + 99. List the prime factors of r(-11).
2, 11
Let h = 9 + -5. Let j(y) = -y + 12. Let p be j(9). Suppose -p*o = -h*x + 21, -5*x + 66 = 5*o - 4. List the prime factors of x.
3
Let j(w) = w**2 + w + 14. Let g be (-3)/(-18) + (-2)/12. List the prime factors of j(g).
2, 7
Suppose 4*f + 0*f = j, -f = 4*j. Suppose 4*a + 18 = -j*c + 2*c, a = 3*c - 47. List the prime factors of c.
17
Let q(i) = -5*i**2 + 2. Let r be q(-2). List the prime factors of r/45*5*-2.
2
Suppose w = i - 8, -2*i + 8 = -w - 4. Suppose 0 = -i*r + 2*x - 1 - 9, 5*r + x - 5 = 0. Suppose 0 = -r*d + 2*d - 16. What are the prime factors of d?
2
Suppose 2*w = -2*w + 16. Suppose -9*i = -4*k - w*i + 135, 5*k = -2*i + 144. List the prime factors of k.
2, 3, 5
Let z be (-2)/(-5) + 56/10. Let o(g) = -g**3 + 7*g**2 - 6*g + 7. What are the prime factors of o(z)?
7
Let l(s) be the first derivative of -s**4/4 + 5*s**3/3 - 3*s**2/2 + s - 7. What are the prime factors of l(3)?
2, 5
Suppose 5*k - 20 = -l, -3*k + 12 = -2*l - 3*l. Let s = k - -1. What are the prime factors of s?
5
Let a(b) = -4*b**3 + b**2 + b. Let p be a(-1). Let v be -3 + 3 + 2 + 4. Suppose -2*j - 18 = -4*j - p*z, 4*z = 2*j + v. What are the prime factors of j?
3
Suppose 18*m = 14*m - 28. Suppose -72 = 2*p + 2*p. Let i = m - p. What are the prime factors of i?
11
Let h be (-1 - -1)*(-4)/8. Suppose h = -0*y - 4*y + 64. Suppose -5*q + y = -4. What are the prime factors of q?
2
List the prime factors of 0 + (-112)/(-4)*1.
2, 7
Suppose 0 = 3*m - 4*a - 131, 5*m = 2*a - 0*a + 195. Suppose 2*f - 89 = 5*p, -f = -0*f - p - m. List the prime factors of f.
2
What are the prime factors of 4*(1 + (-17)/(-2))?
2, 19
Suppose -3*f + 5 = 5*p - 0, 4*f + 28 = 2*p. Let z(y) = 2*y**2 - 6*y. What are the prime factors of z(p)?
2
Let x(j) = 4*j**3 - 2*j**2 + 2*j - 3. List the prime factors of x(2).
5
Let a(z) = z**2 + 8*z - 3. Let l(r) = -r**2 - 8*r + 4. Let q(s) = -6*a(s) - 5*l(s). Let g = -6 + 0. List the prime factors of q(g).
2, 5
Let k = 15 - 6. Let w = 16 - k. List the prime factors of w.
7
Suppose -4*a + 1 = 3*u, -u + 5*a = -0*u - 13. Suppose -47 = -2*y + u*w, -4*y - 3*w + 34 = -15. What are the prime factors of y?
2
Suppose 0 = -5*m - 2*k - 25, 4*k = 2*m + 4 + 6. Let n(c) = c**3 + 6*c**2 + 5. What are the prime factors of n(m)?